{"id":95,"date":"2025-10-23T10:55:11","date_gmt":"2025-10-23T10:55:11","guid":{"rendered":"https:\/\/www.domainesaintantoine.be\/?page_id=95"},"modified":"2026-04-21T11:03:35","modified_gmt":"2026-04-21T10:03:35","slug":"avril-2026","status":"publish","type":"page","link":"https:\/\/www.domainesaintantoine.be\/?page_id=95","title":{"rendered":"Avril 2026"},"content":{"rendered":"\n<p class=\"has-text-align-left has-text-color has-link-color has-small-font-size wp-elements-09e16ffc37b5f7230f656ecc78c568f9\" style=\"color:#1d3a1d\"><\/p>\n\n\n\n<p class=\"has-text-align-center has-medium-font-size\"><strong>Et voil\u00e0 c&rsquo;est pass\u00e9 !<br>Un grand merci \u00e0 toutes et \u00e0 tous<\/strong><br>\u00e0 l&rsquo;occasion de la f\u00eate des plantes d&rsquo;avril 2026<\/p>\n\n\n\n<p>Chers exposants, chers visiteurs, cher tous,<\/p>\n\n\n\n<p>Notre f\u00eate des plantes s&rsquo;est achev\u00e9e, et nous gardons le c\u0153ur plein de gratitude et de belles \u00e9motions. Ce moment de verdure, de partage et de passion v\u00e9g\u00e9tale n&rsquo;aurait tout simplement pas pu exister sans chacune et chacun d&rsquo;entre vous.<\/p>\n\n\n\n<p>Aux exposants \u2014 merci d&rsquo;avoir apport\u00e9 votre savoir-faire, vos r\u00e9alisations, votre enthousiasme et vos plus belles plantes. Vous avez fait de cet \u00e9v\u00e9nement un v\u00e9ritable jardin \u00e0 ciel ouvert, riche en d\u00e9couvertes et en \u00e9changes. Et merci surtout de nous avoir suivi et d&rsquo;avoir cru au d\u00e9m\u00e9nagement de ce bel \u00e9v\u00e9nements dans son nouveau cadre.<\/p>\n\n\n\n<p>\u00c0 notre public \u2014 merci d&rsquo;\u00eatre venus si nombreux, avec votre curiosit\u00e9, vos sourires et votre amour des plantes. Votre pr\u00e9sence a donn\u00e9 tout son sens \u00e0 cet \u00e9v\u00e9nement et contribue \u00e0 nous motiver pour lui donner toute la dimension qu&rsquo;il m\u00e9rite.<\/p>\n\n\n\n<p>Ensemble, vous avez cr\u00e9\u00e9 quelque chose de beau \u2014 un espace de rencontres, de transmission et de vie.<\/p>\n\n\n\n<p>Rendez-vous les 19 et 20 septembre pour la prochaine \u00e9dition d&rsquo;automne.  Avec toute notre reconnaissance et nos chaleureux remerciement \u00e0 la contribution de chacune et chacun.<\/p>\n\n\n\n<p class=\"has-text-align-left has-text-color has-link-color has-medium-font-size wp-elements-2f402319700014dc12a7d1683d0958ed\" style=\"color:#1d3a1d\"><\/p>\n\n\n\n<p>La presse en parle :<\/p>\n\n\n\n<p><a href=\"https:\/\/www.rtbf.be\/article\/feuillerie-2026-autre-lieu-mais-meme-esprit-11711751\" target=\"_blank\" rel=\"noreferrer noopener\">https:\/\/www.rtbf.be\/article\/feuillerie-2026-autre-lieu-mais-meme-esprit-11711751<\/a><\/p>\n\n\n\n<p><a href=\"https:\/\/www.lavenir.net\/regions\/wallonie-picarde\/celles\/2026\/04\/21\/molenbaix-pres-de-3-000-visiteurs-pour-la-premiere-fete-des-plantes-delocalisee-de-la-feuillerie-G7PAKE264NBXFBDLAMVS7DU2MI\/\" target=\"_blank\" rel=\"noreferrer noopener\">https:\/\/www.lavenir.net\/regions\/wallonie-picarde\/celles\/2026\/04\/21\/molenbaix-pres-de-3-000-visiteurs-pour-la-premiere-fete-des-plantes-delocalisee-de-la-feuillerie<\/a><\/p>\n\n\n<div class=\"wp-block-image\">\n<figure class=\"aligncenter size-large\"><img loading=\"lazy\" decoding=\"async\" width=\"577\" height=\"1024\" src=\"https:\/\/www.domainesaintantoine.be\/wp-content\/uploads\/2026\/04\/20260419_102553-577x1024.jpg\" alt=\"\" class=\"wp-image-1104\" srcset=\"https:\/\/www.domainesaintantoine.be\/wp-content\/uploads\/2026\/04\/20260419_102553-577x1024.jpg 577w, https:\/\/www.domainesaintantoine.be\/wp-content\/uploads\/2026\/04\/20260419_102553-169x300.jpg 169w, https:\/\/www.domainesaintantoine.be\/wp-content\/uploads\/2026\/04\/20260419_102553-768x1364.jpg 768w, https:\/\/www.domainesaintantoine.be\/wp-content\/uploads\/2026\/04\/20260419_102553-865x1536.jpg 865w, https:\/\/www.domainesaintantoine.be\/wp-content\/uploads\/2026\/04\/20260419_102553-1153x2048.jpg 1153w, https:\/\/www.domainesaintantoine.be\/wp-content\/uploads\/2026\/04\/20260419_102553-scaled.jpg 1442w\" sizes=\"auto, (max-width: 577px) 100vw, 577px\" \/><\/figure>\n<\/div>\n\n<div class=\"wp-block-image\">\n<figure class=\"aligncenter size-large is-resized\"><img loading=\"lazy\" decoding=\"async\" width=\"768\" height=\"1024\" src=\"https:\/\/www.domainesaintantoine.be\/wp-content\/uploads\/2026\/04\/002-768x1024.jpg\" alt=\"\" class=\"wp-image-1163\" style=\"aspect-ratio:0.750008693535487;width:570px;height:auto\" srcset=\"https:\/\/www.domainesaintantoine.be\/wp-content\/uploads\/2026\/04\/002-768x1024.jpg 768w, https:\/\/www.domainesaintantoine.be\/wp-content\/uploads\/2026\/04\/002-225x300.jpg 225w, https:\/\/www.domainesaintantoine.be\/wp-content\/uploads\/2026\/04\/002-1152x1536.jpg 1152w, https:\/\/www.domainesaintantoine.be\/wp-content\/uploads\/2026\/04\/002.jpg 1500w\" sizes=\"auto, (max-width: 767px) 89vw, (max-width: 1000px) 54vw, (max-width: 1071px) 543px, 580px\" \/><\/figure>\n<\/div>\n\n\n<p>Ce nouveau jardin qui s\u2019ouvre pour accueillir la <strong>F\u00caTE des PLANTES<\/strong> de la <strong>feuillerie<\/strong> mettra \u00e0 l&rsquo;honneur les plantes ornementales et comestibles lors de cette \u00e9dition du <strong>18 et 19 avril<\/strong>. Venez d\u00e9couvrir les nombreux p\u00e9pini\u00e9ristes sp\u00e9cialis\u00e9s ainsi que les artisans du monde v\u00e9g\u00e9tal, des artisans de la d\u00e9co jardin et de l&rsquo;outillage.<\/p>\n\n\n\n<p>Un rendez-vous incontournable pour tous les amoureux, collectionneurs et amateurs de plantes et du jardin. Adeptes des bourses aux plantes, festivals du jardin, ventes expositions ou foire aux plantes vous serez combl\u00e9s. Parmi les p\u00e9pini\u00e9ristes producteurs sp\u00e9cialis\u00e9s et artisans du monde v\u00e9g\u00e9tal vous trouverez \u00e9galement des artisans de la d\u00e9coration et de l\u2019outillage du jardin .<\/p>\n\n\n\n<p class=\"has-text-align-center has-text-color has-link-color has-medium-font-size wp-elements-1b6ae4b4a89f0280003501c18aff2654\" style=\"color:#1d815c;text-decoration:underline\"><strong>CONFERENCES &#8211; ATELIERS &#8211; ANIMATION<\/strong><\/p>\n\n\n\n<p><strong><u>SAMEDI &nbsp;: 18\/04<\/u><\/strong> ET <strong><u>DIMANCHE&nbsp;: 19\/04<\/u><\/strong><\/p>\n\n\n\n<p><strong>11h00&nbsp;<\/strong>: &nbsp;Visite guid\u00e9e dans le verger&nbsp;: <strong><em>\u00ab\u00a0l&rsquo;arboriculture fruiti\u00e8re haute-tige et paliss\u00e9e\u00a0\u00bb<\/em> <\/strong>&#8211; avec Paul-Emile Dewulf de <strong>Pomko<\/strong> dur\u00e9e 1h &#8211; max. 20 personnes &#8211; inscription stand 40.<\/p>\n\n\n\n<p>\ud83c\udf33 <strong>11h00&nbsp;<\/strong>: Conf\u00e9rence + visite guid\u00e9e dans le Parc&nbsp;: <strong><em>\u00ab\u00a0Comment aider les arbres et la nature autour de nous ? Ce qui n\u2019est pas expliqu\u00e9 dans les raisons de la chute de la bio-diversit\u00e9 partout. &#8211; \u00ab\u00a0Wat niet verteld wordt in toedracht van de daling van de algemene biodiversiteit. Hoe bomen en natuur beschermen\u2026\u00a0\u00bb<\/em><\/strong> Geert Top de <strong>Embo Tree<\/strong> (dur\u00e9e 1h). max. 20 personnes &#8211; Inscription stand 39.<\/p>\n\n\n\n<p>\ud83c\udf31 <strong>14h30&nbsp;<\/strong>: <strong>Initiez-vous au greffage<\/strong> avec Paul-Emile Dewulf &#8211; <strong>Pomko<\/strong>, (dur\u00e9e 1h30). Inscription sur place (stand 40), max. 10 personnes &#8211; PAF: 10 \u20ac\/pers. pour le porte-greffe et greffe. Vous repartez avec votre arbre fruitier.<\/p>\n\n\n\n<p>\ud83c\udf33 <strong>15h00<\/strong>&nbsp;: Conf\u00e9rence + visite guid\u00e9e dans le Parc&nbsp;: <strong><em>\u00ab\u00a0Comment aider les arbres et la nature autour de nous ? Ce qui n\u2019est pas expliqu\u00e9 dans les raisons de la chute de la bio-diversit\u00e9 partout.<\/em><\/strong>\u00ab\u00a0avec Geert Top de <strong>Embo Tree<\/strong> (dur\u00e9e 1h). max. 20 personnes, Inscription stand 39.<\/p>\n\n\n\n<p><strong>Animation<\/strong> :<br>En continu&nbsp;: d\u00e9monstration de vannerie <strong>Helix Atelier<\/strong>&nbsp;: stand 30 <\/p>\n\n\n\n<p> Au plaisir de se croiser \u00e0 ce rendez-vous incontournable d\u00e9di\u00e9 aux plantes, \u00e0 la biodiversit\u00e9 et au jardin pour profiter de ces diff\u00e9rents partages afin de r\u00e9colter de bons souvenirs.<\/p>\n\n\n\n<div class=\"wp-block-buttons is-content-justification-center is-layout-flex wp-container-core-buttons-is-layout-16018d1d wp-block-buttons-is-layout-flex\">\n<div class=\"wp-block-button\"><a class=\"wp-block-button__link has-background has-medium-font-size has-text-align-center has-custom-font-size wp-element-button\" href=\"https:\/\/www.billetweb.fr\/fete-des-plantes-rares-et-de-collection\" style=\"background-color:#237a5a\">Billetterie en ligne<\/a><\/div>\n<\/div>\n\n\n\n<p><\/p>\n\n\n<div class=\"wp-block-image\">\n<figure class=\"aligncenter size-full is-resized\"><img loading=\"lazy\" decoding=\"async\" width=\"453\" height=\"931\" src=\"https:\/\/www.domainesaintantoine.be\/wp-content\/uploads\/2025\/11\/20250916-FR-sdconcept.jpg\" alt=\"\" class=\"wp-image-296\" style=\"aspect-ratio:0.48657271212495573;width:208px;height:auto\" srcset=\"https:\/\/www.domainesaintantoine.be\/wp-content\/uploads\/2025\/11\/20250916-FR-sdconcept.jpg 453w, https:\/\/www.domainesaintantoine.be\/wp-content\/uploads\/2025\/11\/20250916-FR-sdconcept-146x300.jpg 146w\" sizes=\"auto, (max-width: 453px) 100vw, 453px\" \/><\/figure>\n<\/div>\n\n\n<p class=\"has-text-align-center has-text-color has-link-color wp-elements-0152e035eb04ad9e41031f5308ec6390\" style=\"color:#1d3a1d\">Pour les distraits, voici l&rsquo;itin\u00e9raire entre l&rsquo;ancien et le nouveau jardin pour la F\u00caTE des PLANTES.<\/p>\n\n\n\n<p class=\"has-text-align-center has-text-color has-link-color wp-elements-8b59100b135c17fd16123b96c8298ebc\" style=\"color:#1d3a1d\"><strong><a href=\"https:\/\/maps.app.goo.gl\/xGhBn2yzXaAay8WH8\" target=\"_blank\" rel=\"noreferrer noopener\">Maps itin\u00e9raire<\/a><\/strong><\/p>\n\n\n\n<p class=\"has-text-align-center has-text-color has-link-color wp-elements-c926dd83b2a208f908ffbcbf227e9246\" style=\"color:#1d3a1d\"> Bonne route !<\/p>\n","protected":false},"excerpt":{"rendered":"<p>Et voil\u00e0 c&rsquo;est pass\u00e9 !Un grand merci \u00e0 toutes et \u00e0 tous\u00e0 l&rsquo;occasion de la f\u00eate des plantes d&rsquo;avril 2026 Chers exposants, chers visiteurs, cher tous, Notre f\u00eate des plantes s&rsquo;est achev\u00e9e, et nous gardons le c\u0153ur plein de gratitude et de belles \u00e9motions. Ce moment de verdure, de partage et de passion v\u00e9g\u00e9tale n&rsquo;aurait &hellip; <\/p>\n<p class=\"link-more\"><a href=\"https:\/\/www.domainesaintantoine.be\/?page_id=95\" class=\"more-link\">Continuer la lecture<span class=\"screen-reader-text\"> de &laquo;&nbsp;Avril 2026&nbsp;&raquo;<\/span><\/a><\/p>\n","protected":false},"author":1,"featured_media":0,"parent":0,"menu_order":0,"comment_status":"closed","ping_status":"closed","template":"","meta":{"footnotes":""},"class_list":["post-95","page","type-page","status-publish","hentry"],"_links":{"self":[{"href":"https:\/\/www.domainesaintantoine.be\/index.php?rest_route=\/wp\/v2\/pages\/95","targetHints":{"allow":["GET"]}}],"collection":[{"href":"https:\/\/www.domainesaintantoine.be\/index.php?rest_route=\/wp\/v2\/pages"}],"about":[{"href":"https:\/\/www.domainesaintantoine.be\/index.php?rest_route=\/wp\/v2\/types\/page"}],"author":[{"embeddable":true,"href":"https:\/\/www.domainesaintantoine.be\/index.php?rest_route=\/wp\/v2\/users\/1"}],"replies":[{"embeddable":true,"href":"https:\/\/www.domainesaintantoine.be\/index.php?rest_route=%2Fwp%2Fv2%2Fcomments&post=95"}],"version-history":[{"count":64,"href":"https:\/\/www.domainesaintantoine.be\/index.php?rest_route=\/wp\/v2\/pages\/95\/revisions"}],"predecessor-version":[{"id":1165,"href":"https:\/\/www.domainesaintantoine.be\/index.php?rest_route=\/wp\/v2\/pages\/95\/revisions\/1165"}],"wp:attachment":[{"href":"https:\/\/www.domainesaintantoine.be\/index.php?rest_route=%2Fwp%2Fv2%2Fmedia&parent=95"}],"curies":[{"name":"wp","href":"https:\/\/api.w.org\/{rel}","templated":true}]}}

<p class="has-text-align-left has-text-color has-link-color has-small-font-size wp-elements-09e16ffc37b5f7230f656ecc78c568f9" style="color:#1d3a1d"></p>



<p class="has-text-align-center has-medium-font-size"><strong>Et voilà c&rsquo;est passé !<br>Un grand merci à toutes et à tous</strong><br>à l&rsquo;occasion de la fête des plantes d&rsquo;avril 2026</p>



<p>Chers exposants, chers visiteurs, cher tous,</p>



<p>Notre fête des plantes s&rsquo;est achevée, et nous gardons le cœur plein de gratitude et de belles émotions. Ce moment de verdure, de partage et de passion végétale n&rsquo;aurait tout simplement pas pu exister sans chacune et chacun d&rsquo;entre vous.</p>



<p>Aux exposants — merci d&rsquo;avoir apporté votre savoir-faire, vos réalisations, votre enthousiasme et vos plus belles plantes. Vous avez fait de cet événement un véritable jardin à ciel ouvert, riche en découvertes et en échanges. Et merci surtout de nous avoir suivi et d&rsquo;avoir cru au déménagement de ce bel événements dans son nouveau cadre.</p>



<p>À notre public — merci d&rsquo;être venus si nombreux, avec votre curiosité, vos sourires et votre amour des plantes. Votre présence a donné tout son sens à cet événement et contribue à nous motiver pour lui donner toute la dimension qu&rsquo;il mérite.</p>



<p>Ensemble, vous avez créé quelque chose de beau — un espace de rencontres, de transmission et de vie.</p>



<p>Rendez-vous les 19 et 20 septembre pour la prochaine édition d&rsquo;automne.  Avec toute notre reconnaissance et nos chaleureux remerciement à la contribution de chacune et chacun.</p>



<p class="has-text-align-left has-text-color has-link-color has-medium-font-size wp-elements-2f402319700014dc12a7d1683d0958ed" style="color:#1d3a1d"></p>



<p>La presse en parle :</p>



<p><a href="https://www.rtbf.be/article/feuillerie-2026-autre-lieu-mais-meme-esprit-11711751" target="_blank" rel="noreferrer noopener">https://www.rtbf.be/article/feuillerie-2026-autre-lieu-mais-meme-esprit-11711751</a></p>



<p><a href="https://www.lavenir.net/regions/wallonie-picarde/celles/2026/04/21/molenbaix-pres-de-3-000-visiteurs-pour-la-premiere-fete-des-plantes-delocalisee-de-la-feuillerie-G7PAKE264NBXFBDLAMVS7DU2MI/" target="_blank" rel="noreferrer noopener">https://www.lavenir.net/regions/wallonie-picarde/celles/2026/04/21/molenbaix-pres-de-3-000-visiteurs-pour-la-premiere-fete-des-plantes-delocalisee-de-la-feuillerie</a></p>


<div class="wp-block-image">
<figure class="aligncenter size-large"><img loading="lazy" decoding="async" width="577" height="1024" src="https://www.domainesaintantoine.be/wp-content/uploads/2026/04/20260419_102553-577x1024.jpg" alt="" class="wp-image-1104" srcset="https://www.domainesaintantoine.be/wp-content/uploads/2026/04/20260419_102553-577x1024.jpg 577w, https://www.domainesaintantoine.be/wp-content/uploads/2026/04/20260419_102553-169x300.jpg 169w, https://www.domainesaintantoine.be/wp-content/uploads/2026/04/20260419_102553-768x1364.jpg 768w, https://www.domainesaintantoine.be/wp-content/uploads/2026/04/20260419_102553-865x1536.jpg 865w, https://www.domainesaintantoine.be/wp-content/uploads/2026/04/20260419_102553-1153x2048.jpg 1153w, https://www.domainesaintantoine.be/wp-content/uploads/2026/04/20260419_102553-scaled.jpg 1442w" sizes="auto, (max-width: 577px) 100vw, 577px" /></figure>
</div>

<div class="wp-block-image">
<figure class="aligncenter size-large is-resized"><img loading="lazy" decoding="async" width="768" height="1024" src="https://www.domainesaintantoine.be/wp-content/uploads/2026/04/002-768x1024.jpg" alt="" class="wp-image-1163" style="aspect-ratio:0.750008693535487;width:570px;height:auto" srcset="https://www.domainesaintantoine.be/wp-content/uploads/2026/04/002-768x1024.jpg 768w, https://www.domainesaintantoine.be/wp-content/uploads/2026/04/002-225x300.jpg 225w, https://www.domainesaintantoine.be/wp-content/uploads/2026/04/002-1152x1536.jpg 1152w, https://www.domainesaintantoine.be/wp-content/uploads/2026/04/002.jpg 1500w" sizes="auto, (max-width: 767px) 89vw, (max-width: 1000px) 54vw, (max-width: 1071px) 543px, 580px" /></figure>
</div>


<p>Ce nouveau jardin qui s’ouvre pour accueillir la <strong>FÊTE des PLANTES</strong> de la <strong>feuillerie</strong> mettra à l&rsquo;honneur les plantes ornementales et comestibles lors de cette édition du <strong>18 et 19 avril</strong>. Venez découvrir les nombreux pépiniéristes spécialisés ainsi que les artisans du monde végétal, des artisans de la déco jardin et de l&rsquo;outillage.</p>



<p>Un rendez-vous incontournable pour tous les amoureux, collectionneurs et amateurs de plantes et du jardin. Adeptes des bourses aux plantes, festivals du jardin, ventes expositions ou foire aux plantes vous serez comblés. Parmi les pépiniéristes producteurs spécialisés et artisans du monde végétal vous trouverez également des artisans de la décoration et de l’outillage du jardin .</p>



<p class="has-text-align-center has-text-color has-link-color has-medium-font-size wp-elements-1b6ae4b4a89f0280003501c18aff2654" style="color:#1d815c;text-decoration:underline"><strong>CONFERENCES &#8211; ATELIERS &#8211; ANIMATION</strong></p>



<p><strong><u>SAMEDI &nbsp;: 18/04</u></strong> ET <strong><u>DIMANCHE&nbsp;: 19/04</u></strong></p>



<p><strong>11h00&nbsp;</strong>: &nbsp;Visite guidée dans le verger&nbsp;: <strong><em>« l&rsquo;arboriculture fruitière haute-tige et palissée »</em> </strong>&#8211; avec Paul-Emile Dewulf de <strong>Pomko</strong> durée 1h &#8211; max. 20 personnes &#8211; inscription stand 40.</p>



<p>🌳 <strong>11h00&nbsp;</strong>: Conférence + visite guidée dans le Parc&nbsp;: <strong><em>« Comment aider les arbres et la nature autour de nous ? Ce qui n’est pas expliqué dans les raisons de la chute de la bio-diversité partout. &#8211; « Wat niet verteld wordt in toedracht van de daling van de algemene biodiversiteit. Hoe bomen en natuur beschermen… »</em></strong> Geert Top de <strong>Embo Tree</strong> (durée 1h). max. 20 personnes &#8211; Inscription stand 39.</p>



<p>🌱 <strong>14h30&nbsp;</strong>: <strong>Initiez-vous au greffage</strong> avec Paul-Emile Dewulf &#8211; <strong>Pomko</strong>, (durée 1h30). Inscription sur place (stand 40), max. 10 personnes &#8211; PAF: 10 €/pers. pour le porte-greffe et greffe. Vous repartez avec votre arbre fruitier.</p>



<p>🌳 <strong>15h00</strong>&nbsp;: Conférence + visite guidée dans le Parc&nbsp;: <strong><em>« Comment aider les arbres et la nature autour de nous ? Ce qui n’est pas expliqué dans les raisons de la chute de la bio-diversité partout.</em></strong>« avec Geert Top de <strong>Embo Tree</strong> (durée 1h). max. 20 personnes, Inscription stand 39.</p>



<p><strong>Animation</strong> :<br>En continu&nbsp;: démonstration de vannerie <strong>Helix Atelier</strong>&nbsp;: stand 30 </p>



<p> Au plaisir de se croiser à ce rendez-vous incontournable dédié aux plantes, à la biodiversité et au jardin pour profiter de ces différents partages afin de récolter de bons souvenirs.</p>



<div class="wp-block-buttons is-content-justification-center is-layout-flex wp-container-core-buttons-is-layout-16018d1d wp-block-buttons-is-layout-flex">
<div class="wp-block-button"><a class="wp-block-button__link has-background has-medium-font-size has-text-align-center has-custom-font-size wp-element-button" href="https://www.billetweb.fr/fete-des-plantes-rares-et-de-collection" style="background-color:#237a5a">Billetterie en ligne</a></div>
</div>



<p></p>


<div class="wp-block-image">
<figure class="aligncenter size-full is-resized"><img loading="lazy" decoding="async" width="453" height="931" src="https://www.domainesaintantoine.be/wp-content/uploads/2025/11/20250916-FR-sdconcept.jpg" alt="" class="wp-image-296" style="aspect-ratio:0.48657271212495573;width:208px;height:auto" srcset="https://www.domainesaintantoine.be/wp-content/uploads/2025/11/20250916-FR-sdconcept.jpg 453w, https://www.domainesaintantoine.be/wp-content/uploads/2025/11/20250916-FR-sdconcept-146x300.jpg 146w" sizes="auto, (max-width: 453px) 100vw, 453px" /></figure>
</div>


<p class="has-text-align-center has-text-color has-link-color wp-elements-0152e035eb04ad9e41031f5308ec6390" style="color:#1d3a1d">Pour les distraits, voici l&rsquo;itinéraire entre l&rsquo;ancien et le nouveau jardin pour la FÊTE des PLANTES.</p>



<p class="has-text-align-center has-text-color has-link-color wp-elements-8b59100b135c17fd16123b96c8298ebc" style="color:#1d3a1d"><strong><a href="https://maps.app.goo.gl/xGhBn2yzXaAay8WH8" target="_blank" rel="noreferrer noopener">Maps itinéraire</a></strong></p>



<p class="has-text-align-center has-text-color has-link-color wp-elements-c926dd83b2a208f908ffbcbf227e9246" style="color:#1d3a1d"> Bonne route !</p>

<p>Et voilà c&rsquo;est passé !Un grand merci à toutes et à tousà l&rsquo;occasion de la fête des plantes d&rsquo;avril 2026 Chers exposants, chers visiteurs, cher tous, Notre fête des plantes s&rsquo;est achevée, et nous gardons le cœur plein de gratitude et de belles émotions. Ce moment de verdure, de partage et de passion végétale n&rsquo;aurait &hellip; </p>
<p class="link-more"><a href="https://www.domainesaintantoine.be/?page_id=95" class="more-link">Continuer la lecture<span class="screen-reader-text"> de &laquo;&nbsp;Avril 2026&nbsp;&raquo;</span></a></p>
